{"id":68,"date":"2012-10-17T22:45:43","date_gmt":"2012-10-17T20:45:43","guid":{"rendered":"http:\/\/localhost\/wordpress\/?page_id=68"},"modified":"2025-11-17T04:04:03","modified_gmt":"2025-11-17T02:04:03","slug":"schweinswirt-gutscheine-bestellen","status":"publish","type":"page","link":"https:\/\/appcreated.de\/shop\/schweinswirt2017\/","title":{"rendered":"Willkommen im <br\/>Schweinswirt-Gutsch(w)ein-Shop!"},"content":{"rendered":"<style>\na:hover {text-decoration:none;}<br \/>\n<\/style>\n<p><script><br \/>\nlocation.hash = \"#shopping_cart\";<br \/>\n<\/script><\/p>\n<p><img decoding=\"async\" style=\"border: 1px solid #eeeeee;\" src=\"\/shop\/schweinswirt2017\/wp-content\/uploads\/2012\/10\/gutschein.png\" alt=\"\" \/><\/p>\n<p><!--  HERE WOULD BE COMMENT BEGIN IF  IN MAINTENANCE \/ DISABLED   --><\/p>\n<style>\np {margin-bottom:0}<br \/>\n<\/style>\n<div><\/div>\n<p><span style=\"color: #333333; font-size: 10pt;\"><br \/>\nDie Gutscheine kommen per E-Mail als PDF mit QR-Code.<br \/>\nIhr k\u00f6nnts die Gutscheine ausdrucken oder mit&#8217;m Smartphone vorzeigen!<br \/>\n<br \/>\nAchtung: Aus technischen Gr\u00fcnden bitte nicht mehr als 9 Gutscheine auf einmal bestellen. Danke!<br \/>\n<\/span><\/p>\n<div>\n<hr \/>\n<\/div>\n<p>Gutschein \u00fcber<strong>\u00a010,- Euro<\/strong> <div class=\"wp_cart_button_wrapper\"><form method=\"post\" class=\"wp-cart-button-form\" action=\"\" style=\"display:inline\" onsubmit=\"return ReadForm(this, true);\" ><input type=\"hidden\" id=\"_wpnonce\" name=\"_wpnonce\" value=\"ddccf60c0c\" \/><input type=\"hidden\" name=\"_wp_http_referer\" value=\"\/shop\/schweinswirt2017\/index.php?rest_route=%2Fwp%2Fv2%2Fpages%2F68\" \/><input type=\"submit\" class=\"wspsc_add_cart_submit\" name=\"wspsc_add_cart_submit\" value=\"Zum Warenkorb hinzuf\u00fcgen\" \/><input type=\"hidden\" name=\"wspsc_product\" value=\"10,- Euro Schweinswirt-Gutschein\" \/><input type=\"hidden\" name=\"price\" value=\"10.00\" \/><input type=\"hidden\" name=\"shipping\" value=\"0.000\" \/><input type=\"hidden\" name=\"addcart\" value=\"1\" \/><input type=\"hidden\" name=\"cartLink\" value=\"https:\/\/appcreated.de\/shop\/schweinswirt2017\" \/><input type=\"hidden\" name=\"product_tmp\" value=\"10,- Euro Schweinswirt-Gutschein\" \/><input type=\"hidden\" name=\"product_tmp_two\" value=\"10,- Euro Schweinswirt-Gutschein\" \/><input type=\"hidden\" name=\"item_number\" value=\"\" \/><input type=\"hidden\" name=\"hash_one\" value=\"a9b4894d65944aa5f9a125f2b53ccb87\" \/><input type=\"hidden\" name=\"hash_two\" value=\"bdd86f3e788a0d451f3b3675cd382216\" \/><\/form><\/div><br \/>\nGutschein \u00fcber<strong>\u00a015,- Euro<\/strong>\u00a0<div class=\"wp_cart_button_wrapper\"><form method=\"post\" class=\"wp-cart-button-form\" action=\"\" style=\"display:inline\" onsubmit=\"return ReadForm(this, true);\" ><input type=\"hidden\" id=\"_wpnonce\" name=\"_wpnonce\" value=\"ddccf60c0c\" \/><input type=\"hidden\" name=\"_wp_http_referer\" value=\"\/shop\/schweinswirt2017\/index.php?rest_route=%2Fwp%2Fv2%2Fpages%2F68\" \/><input type=\"submit\" class=\"wspsc_add_cart_submit\" name=\"wspsc_add_cart_submit\" value=\"Zum Warenkorb hinzuf\u00fcgen\" \/><input type=\"hidden\" name=\"wspsc_product\" value=\"15,- Euro Schweinswirt-Gutschein\" \/><input type=\"hidden\" name=\"price\" value=\"15.00\" \/><input type=\"hidden\" name=\"shipping\" value=\"0.000\" \/><input type=\"hidden\" name=\"addcart\" value=\"1\" \/><input type=\"hidden\" name=\"cartLink\" value=\"https:\/\/appcreated.de\/shop\/schweinswirt2017\" \/><input type=\"hidden\" name=\"product_tmp\" value=\"15,- Euro Schweinswirt-Gutschein\" \/><input type=\"hidden\" name=\"product_tmp_two\" value=\"15,- Euro Schweinswirt-Gutschein\" \/><input type=\"hidden\" name=\"item_number\" value=\"\" \/><input type=\"hidden\" name=\"hash_one\" value=\"2609d5e666aee319a901d0e8a7c6f6f1\" \/><input type=\"hidden\" name=\"hash_two\" value=\"2327da12a8394411bbd9ba79f279fb64\" \/><\/form><\/div><br \/>\nGutschein \u00fcber<strong>\u00a020,- Euro<\/strong>\u00a0<div class=\"wp_cart_button_wrapper\"><form method=\"post\" class=\"wp-cart-button-form\" action=\"\" style=\"display:inline\" onsubmit=\"return ReadForm(this, true);\" ><input type=\"hidden\" id=\"_wpnonce\" name=\"_wpnonce\" value=\"ddccf60c0c\" \/><input type=\"hidden\" name=\"_wp_http_referer\" value=\"\/shop\/schweinswirt2017\/index.php?rest_route=%2Fwp%2Fv2%2Fpages%2F68\" \/><input type=\"submit\" class=\"wspsc_add_cart_submit\" name=\"wspsc_add_cart_submit\" value=\"Zum Warenkorb hinzuf\u00fcgen\" \/><input type=\"hidden\" name=\"wspsc_product\" value=\"20,- Euro Schweinswirt-Gutschein\" \/><input type=\"hidden\" name=\"price\" value=\"20.00\" \/><input type=\"hidden\" name=\"shipping\" value=\"0.000\" \/><input type=\"hidden\" name=\"addcart\" value=\"1\" \/><input type=\"hidden\" name=\"cartLink\" value=\"https:\/\/appcreated.de\/shop\/schweinswirt2017\" \/><input type=\"hidden\" name=\"product_tmp\" value=\"20,- Euro Schweinswirt-Gutschein\" \/><input type=\"hidden\" name=\"product_tmp_two\" value=\"20,- Euro Schweinswirt-Gutschein\" \/><input type=\"hidden\" name=\"item_number\" value=\"\" \/><input type=\"hidden\" name=\"hash_one\" value=\"b30656c301c82743f433e86cdffccbce\" \/><input type=\"hidden\" name=\"hash_two\" value=\"c6a0ac203c981b3b01a461727ac53379\" \/><\/form><\/div><br \/>\nGutschein \u00fcber<strong>\u00a025,- Euro<\/strong>\u00a0<div class=\"wp_cart_button_wrapper\"><form method=\"post\" class=\"wp-cart-button-form\" action=\"\" style=\"display:inline\" onsubmit=\"return ReadForm(this, true);\" ><input type=\"hidden\" id=\"_wpnonce\" name=\"_wpnonce\" value=\"ddccf60c0c\" \/><input type=\"hidden\" name=\"_wp_http_referer\" value=\"\/shop\/schweinswirt2017\/index.php?rest_route=%2Fwp%2Fv2%2Fpages%2F68\" \/><input type=\"submit\" class=\"wspsc_add_cart_submit\" name=\"wspsc_add_cart_submit\" value=\"Zum Warenkorb hinzuf\u00fcgen\" \/><input type=\"hidden\" name=\"wspsc_product\" value=\"25,- Euro Schweinswirt-Gutschein\" \/><input type=\"hidden\" name=\"price\" value=\"25.00\" \/><input type=\"hidden\" name=\"shipping\" value=\"0.000\" \/><input type=\"hidden\" name=\"addcart\" value=\"1\" \/><input type=\"hidden\" name=\"cartLink\" value=\"https:\/\/appcreated.de\/shop\/schweinswirt2017\" \/><input type=\"hidden\" name=\"product_tmp\" value=\"25,- Euro Schweinswirt-Gutschein\" \/><input type=\"hidden\" name=\"product_tmp_two\" value=\"25,- Euro Schweinswirt-Gutschein\" \/><input type=\"hidden\" name=\"item_number\" value=\"\" \/><input type=\"hidden\" name=\"hash_one\" value=\"aa3b13c12d74121c923b8088d5babddf\" \/><input type=\"hidden\" name=\"hash_two\" value=\"805225ad7817c632bc9bca3f7ffd1887\" \/><\/form><\/div><br \/>\nGutschein \u00fcber<strong>\u00a030,- Euro<\/strong>\u00a0<div class=\"wp_cart_button_wrapper\"><form method=\"post\" class=\"wp-cart-button-form\" action=\"\" style=\"display:inline\" onsubmit=\"return ReadForm(this, true);\" ><input type=\"hidden\" id=\"_wpnonce\" name=\"_wpnonce\" value=\"ddccf60c0c\" \/><input type=\"hidden\" name=\"_wp_http_referer\" value=\"\/shop\/schweinswirt2017\/index.php?rest_route=%2Fwp%2Fv2%2Fpages%2F68\" \/><input type=\"submit\" class=\"wspsc_add_cart_submit\" name=\"wspsc_add_cart_submit\" value=\"Zum Warenkorb hinzuf\u00fcgen\" \/><input type=\"hidden\" name=\"wspsc_product\" value=\"30,- Euro Schweinswirt-Gutschein\" \/><input type=\"hidden\" name=\"price\" value=\"30.00\" \/><input type=\"hidden\" name=\"shipping\" value=\"0.000\" \/><input type=\"hidden\" name=\"addcart\" value=\"1\" \/><input type=\"hidden\" name=\"cartLink\" value=\"https:\/\/appcreated.de\/shop\/schweinswirt2017\" \/><input type=\"hidden\" name=\"product_tmp\" value=\"30,- Euro Schweinswirt-Gutschein\" \/><input type=\"hidden\" name=\"product_tmp_two\" value=\"30,- Euro Schweinswirt-Gutschein\" \/><input type=\"hidden\" name=\"item_number\" value=\"\" \/><input type=\"hidden\" name=\"hash_one\" value=\"bf741bef86f162e8c0fb994687de7b53\" \/><input type=\"hidden\" name=\"hash_two\" value=\"6f7c99333af0656efb099442522c0ca5\" \/><\/form><\/div><br \/>\nGutschein \u00fcber<strong>\u00a035,- Euro<\/strong>\u00a0<div class=\"wp_cart_button_wrapper\"><form method=\"post\" class=\"wp-cart-button-form\" action=\"\" style=\"display:inline\" onsubmit=\"return ReadForm(this, true);\" ><input type=\"hidden\" id=\"_wpnonce\" name=\"_wpnonce\" value=\"ddccf60c0c\" \/><input type=\"hidden\" name=\"_wp_http_referer\" value=\"\/shop\/schweinswirt2017\/index.php?rest_route=%2Fwp%2Fv2%2Fpages%2F68\" \/><input type=\"submit\" class=\"wspsc_add_cart_submit\" name=\"wspsc_add_cart_submit\" value=\"Zum Warenkorb hinzuf\u00fcgen\" \/><input type=\"hidden\" name=\"wspsc_product\" value=\"35,- Euro Schweinswirt-Gutschein\" \/><input type=\"hidden\" name=\"price\" value=\"35.00\" \/><input type=\"hidden\" name=\"shipping\" value=\"0.000\" \/><input type=\"hidden\" name=\"addcart\" value=\"1\" \/><input type=\"hidden\" name=\"cartLink\" value=\"https:\/\/appcreated.de\/shop\/schweinswirt2017\" \/><input type=\"hidden\" name=\"product_tmp\" value=\"35,- Euro Schweinswirt-Gutschein\" \/><input type=\"hidden\" name=\"product_tmp_two\" value=\"35,- Euro Schweinswirt-Gutschein\" \/><input type=\"hidden\" name=\"item_number\" value=\"\" \/><input type=\"hidden\" name=\"hash_one\" value=\"76d9253f7d1885c2a40b0def786be15f\" \/><input type=\"hidden\" name=\"hash_two\" value=\"fbfa6430c5e6ba1862a318d78be129ff\" \/><\/form><\/div><br \/>\nGutschein \u00fcber<strong>\u00a040,- Euro<\/strong>\u00a0<div class=\"wp_cart_button_wrapper\"><form method=\"post\" class=\"wp-cart-button-form\" action=\"\" style=\"display:inline\" onsubmit=\"return ReadForm(this, true);\" ><input type=\"hidden\" id=\"_wpnonce\" name=\"_wpnonce\" value=\"ddccf60c0c\" \/><input type=\"hidden\" name=\"_wp_http_referer\" value=\"\/shop\/schweinswirt2017\/index.php?rest_route=%2Fwp%2Fv2%2Fpages%2F68\" \/><input type=\"submit\" class=\"wspsc_add_cart_submit\" name=\"wspsc_add_cart_submit\" value=\"Zum Warenkorb hinzuf\u00fcgen\" \/><input type=\"hidden\" name=\"wspsc_product\" value=\"40,- Euro Schweinswirt-Gutschein\" \/><input type=\"hidden\" name=\"price\" value=\"40.00\" \/><input type=\"hidden\" name=\"shipping\" value=\"0.000\" \/><input type=\"hidden\" name=\"addcart\" value=\"1\" \/><input type=\"hidden\" name=\"cartLink\" value=\"https:\/\/appcreated.de\/shop\/schweinswirt2017\" \/><input type=\"hidden\" name=\"product_tmp\" value=\"40,- Euro Schweinswirt-Gutschein\" \/><input type=\"hidden\" name=\"product_tmp_two\" value=\"40,- Euro Schweinswirt-Gutschein\" \/><input type=\"hidden\" name=\"item_number\" value=\"\" \/><input type=\"hidden\" name=\"hash_one\" value=\"5cf64913af5f01dd6c1add029d20fe0f\" \/><input type=\"hidden\" name=\"hash_two\" value=\"d3ccdd779b9947a57cc6a9f796fef1cb\" \/><\/form><\/div><br \/>\nGutschein \u00fcber<strong>\u00a045,- Euro<\/strong>\u00a0<div class=\"wp_cart_button_wrapper\"><form method=\"post\" class=\"wp-cart-button-form\" action=\"\" style=\"display:inline\" onsubmit=\"return ReadForm(this, true);\" ><input type=\"hidden\" id=\"_wpnonce\" name=\"_wpnonce\" value=\"ddccf60c0c\" \/><input type=\"hidden\" name=\"_wp_http_referer\" value=\"\/shop\/schweinswirt2017\/index.php?rest_route=%2Fwp%2Fv2%2Fpages%2F68\" \/><input type=\"submit\" class=\"wspsc_add_cart_submit\" name=\"wspsc_add_cart_submit\" value=\"Zum Warenkorb hinzuf\u00fcgen\" \/><input type=\"hidden\" name=\"wspsc_product\" value=\"45,- Euro Schweinswirt-Gutschein\" \/><input type=\"hidden\" name=\"price\" value=\"45.00\" \/><input type=\"hidden\" name=\"shipping\" value=\"0.000\" \/><input type=\"hidden\" name=\"addcart\" value=\"1\" \/><input type=\"hidden\" name=\"cartLink\" value=\"https:\/\/appcreated.de\/shop\/schweinswirt2017\" \/><input type=\"hidden\" name=\"product_tmp\" value=\"45,- Euro Schweinswirt-Gutschein\" \/><input type=\"hidden\" name=\"product_tmp_two\" value=\"45,- Euro Schweinswirt-Gutschein\" \/><input type=\"hidden\" name=\"item_number\" value=\"\" \/><input type=\"hidden\" name=\"hash_one\" value=\"f4aeb41ea2ef28215703e2cbcca885da\" \/><input type=\"hidden\" name=\"hash_two\" value=\"42ac8e56e7bb76bef1135b188c9c5623\" \/><\/form><\/div><br \/>\nGutschein \u00fcber<strong> 50,- Euro<\/strong>\u00a0<div class=\"wp_cart_button_wrapper\"><form method=\"post\" class=\"wp-cart-button-form\" action=\"\" style=\"display:inline\" onsubmit=\"return ReadForm(this, true);\" ><input type=\"hidden\" id=\"_wpnonce\" name=\"_wpnonce\" value=\"ddccf60c0c\" \/><input type=\"hidden\" name=\"_wp_http_referer\" value=\"\/shop\/schweinswirt2017\/index.php?rest_route=%2Fwp%2Fv2%2Fpages%2F68\" \/><input type=\"submit\" class=\"wspsc_add_cart_submit\" name=\"wspsc_add_cart_submit\" value=\"Zum Warenkorb hinzuf\u00fcgen\" \/><input type=\"hidden\" name=\"wspsc_product\" value=\"50,- Euro Schweinswirt-Gutschein\" \/><input type=\"hidden\" name=\"price\" value=\"50.00\" \/><input type=\"hidden\" name=\"shipping\" value=\"0.000\" \/><input type=\"hidden\" name=\"addcart\" value=\"1\" \/><input type=\"hidden\" name=\"cartLink\" value=\"https:\/\/appcreated.de\/shop\/schweinswirt2017\" \/><input type=\"hidden\" name=\"product_tmp\" value=\"50,- Euro Schweinswirt-Gutschein\" \/><input type=\"hidden\" name=\"product_tmp_two\" value=\"50,- Euro Schweinswirt-Gutschein\" \/><input type=\"hidden\" name=\"item_number\" value=\"\" \/><input type=\"hidden\" name=\"hash_one\" value=\"2070b4c12ab0856ddf4662bec45dea8e\" \/><input type=\"hidden\" name=\"hash_two\" value=\"e94a3b2f4f8c74f753650d9c71ba9647\" \/><\/form><\/div><\/p>\n<p><!--  HERE WOULD BE COMMENT END IF  IN MAINTENANCE \/ DISABLED   --><\/p>\n<p><!--    IF  IN MAINTENANCE \/ DISABLED  :\n\n\n<hr \/>\n\n\n\n\n\n<h2 style=\"font-size:1.5em;\">Wartungsarbeiten<\/h2>\n\n\n<strong>Der Shop ist leider bis voraussichtlich Ende der Woche geschlossen.<\/strong> \n\n\n\n<hr \/>\n\n\n\n\n<div style=\"height:1000px;\"><\/div>\n\n\n\n\n<hr \/>\n\n\n\nGutschein \u00fcber<strong>\u00a01 Cent<\/strong> [wp_cart_button name=\"1 Cent Schweinswirt-Gutschein\" price=\"0.01\" shipping=\"0.000\"]\n\n\n\n<hr \/>\n\n\n--><\/p>\n<div>\n<div><\/div>\n<div><strong><strong><\/strong><\/strong><\/div>\n<div><\/div>\n<div><\/div>\n<p><span style=\"color: #333333; font-size: 10pt;\">\u00a0<\/span><\/p>\n<hr \/>\n<p><span style=\"color: #333333; font-size: 10pt;\">Die Gutscheine kommen per E-Mail als PDF mit QR-Code.<br \/>\nIhr k\u00f6nnts die Gutscheine ausdrucken oder mit&#8217;m Smartphone vorzeigen!<br \/>\n<br \/>\nAchtung: Aus technischen Gr\u00fcnden bitte nicht mehr als 9 Gutscheine auf einmal bestellen. Danke!<br \/>\n<\/span><\/p>\n<div><\/div>\n<div style=\"height: 150px;\"><\/div>\n<div id=\"footer_links\" style=\"text-align: right; padding-bottom: 20px; font-size: 10pt;\">\n<p><a href=\"https:\/\/www.schweinswirt.de\" target=\"_blank\" rel=\"noopener\"><span style=\"color: #800000; text-decoration: underline;\">Wirtshaus beim Schweinswirt<\/span><\/a><br \/>\n<a href=\"https:\/\/schweinswirt.de\/impressum\" target=\"_blank\" rel=\"noopener\"><span style=\"color: #800000; text-decoration: underline;\">Impressum<\/span><\/a> |\u00a0<a href=\"https:\/\/schweinswirt.de\/datenschutz\" target=\"_blank\" rel=\"noopener\"><span style=\"color: #800000; text-decoration: underline;\">Datenschutz<\/span><\/a> |\u00a0<a href=\"https:\/\/schweinswirt.de\/barrierefreiheit\" target=\"_blank\" rel=\"noopener\"><span style=\"color: #800000; text-decoration: underline;\">Barrierefreiheit<\/span><\/a><\/p>\n<\/div>\n<\/div>\n<p><script><br \/>\nif(location.toString().indexOf(\"platform\")>0) document.getElementById(\"footer_links\").style.display = \"none\";<br \/>\n<\/script><\/p>\n","protected":false},"excerpt":{"rendered":"<p>Die Gutscheine kommen per E-Mail als PDF mit QR-Code. Ihr k\u00f6nnts die Gutscheine ausdrucken oder mit&#8217;m Smartphone vorzeigen! Achtung: Aus technischen Gr\u00fcnden bitte nicht mehr als 9 Gutscheine auf einmal bestellen. Danke! Gutschein \u00fcber\u00a010,- Euro Gutschein \u00fcber\u00a015,- Euro\u00a0 Gutschein \u00fcber\u00a020,- &hellip; <a href=\"https:\/\/appcreated.de\/shop\/schweinswirt2017\/\">Weiterlesen <span class=\"meta-nav\">&rarr;<\/span><\/a><\/p>\n","protected":false},"author":1,"featured_media":0,"parent":0,"menu_order":0,"comment_status":"closed","ping_status":"closed","template":"","meta":{"footnotes":""},"class_list":["post-68","page","type-page","status-publish","hentry"],"_links":{"self":[{"href":"https:\/\/appcreated.de\/shop\/schweinswirt2017\/index.php?rest_route=\/wp\/v2\/pages\/68","targetHints":{"allow":["GET"]}}],"collection":[{"href":"https:\/\/appcreated.de\/shop\/schweinswirt2017\/index.php?rest_route=\/wp\/v2\/pages"}],"about":[{"href":"https:\/\/appcreated.de\/shop\/schweinswirt2017\/index.php?rest_route=\/wp\/v2\/types\/page"}],"author":[{"embeddable":true,"href":"https:\/\/appcreated.de\/shop\/schweinswirt2017\/index.php?rest_route=\/wp\/v2\/users\/1"}],"replies":[{"embeddable":true,"href":"https:\/\/appcreated.de\/shop\/schweinswirt2017\/index.php?rest_route=%2Fwp%2Fv2%2Fcomments&post=68"}],"version-history":[{"count":131,"href":"https:\/\/appcreated.de\/shop\/schweinswirt2017\/index.php?rest_route=\/wp\/v2\/pages\/68\/revisions"}],"predecessor-version":[{"id":3097,"href":"https:\/\/appcreated.de\/shop\/schweinswirt2017\/index.php?rest_route=\/wp\/v2\/pages\/68\/revisions\/3097"}],"wp:attachment":[{"href":"https:\/\/appcreated.de\/shop\/schweinswirt2017\/index.php?rest_route=%2Fwp%2Fv2%2Fmedia&parent=68"}],"curies":[{"name":"wp","href":"https:\/\/api.w.org\/{rel}","templated":true}]}}